in base 13?
-405a84
40aa3 (base 15) to base 5
23024103
What is 2234683 (base 13) in base 9?
21661031
What is 16cb65 (base 13) in base 2?
10001011011001010101
1200100201120 (base 3) to base 8
3317630
Convert -4025343 (base 8) to base 6.
-34413203
What is 1001011000011101101101 (base 2) in base 11?
142a950
What is -1665051 (base 7) in base 13?
-82a5b
What is 12645b (base 12) in base 2?
1001001100100000111
-101201114 (base 7) to base 5
-3003311332
1884631 (base 11) to base 8
14111115
82730 (base 11) to base 4
131131132
Convert -1755872 (base 9) to base 12.
-3b430b
What is -14250101 (base 6) in base 9?
-824241
-2b6d6 (base 15) to base 12
-68b86
151034533 (base 6) to base 5
1300142110
Convert 12322231 (base 5) to base 10.
120316
What is 1238a6 (base 12) in base 5?
33444031
What is b9ab (base 12) in base 5?
1123220
1323a4 (base 12) to base 11
1a5781
73856 (base 13) to base 10
207941
-245451 (base 8) to base 6
-1452253
What is -881231 (base 11) in base 4?
-11113202213
What is 640868 (base 9) in base 8?
1350500
What is -1230861 (base 9) in base 10?
-669925
What is -31600010 (base 7) in base 3?
-12001121210022
What is 7b1983 (base 13) in base 2?
1011001000001010110111
Convert -2010100001 (base 3) to base 15.
-c5b7
What is 426142 (base 7) in base 11?
507a5
Convert -141256421 (base 7) to base 8.
-43140476
4a393 (base 14) to base 9
306363
-131003123 (base 5) to base 14
-129886
What is 56feb (base 16) in base 6?
11345403
What is 2ac92 (base 15) in base 6?
2542045
-4510031 (base 10) to base 4
-101031011033
What is -7c774d (base 14) in base 8?
-20145611
What is -11002010220001 (base 3) in base 15?
-2cc561
Convert 1141130404 (base 5) to base 3.
12001000010101
What is 170353 (base 9) in base 2?
11001101100110011
What is 59060 (base 10) in base 12?
2a218
Convert -3231033 (base 5) to base 15.
-11513
-96a16 (base 11) to base 16
-226b6
Convert -862624 (base 10) to base 14.
-186520
What is -264b7 (base 13) in base 16?
-115da
-8413 (base 16) to base 2
-1000010000010011
-112022112200 (base 3) to base 9
-468480
-2206d20 (base 14) to base 5
-13113410020
What is -2330750 (base 9) in base 6?
-43002500
Convert -44a55 (base 13) to base 5.
-12443132
1417839 (base 10) to base 13
3a8477
What is -22031310112 (base 4) in base 5?
-1141144123
What is 3201011 (base 5) in base 14?
155a0
What is 112232423 (base 5) in base 4?
1330021020
What is 2789275 (base 10) in base 12?
b261b7
-48269a (base 15) to base 11
-1a47661
What is 1b01474 (base 14) in base 13?
2a2b832
3027882 (base 10) to base 14
58b654
What is -492a66 (base 12) in base 7?
-13042266
-7a55 (base 14) to base 15
-6463
Convert -1002010022112 (base 3) to base 16.
-8bf28
Convert 364052 (base 15) to base 10.
2595452
Convert 211012012012 (base 3) to base 16.
6aa4b
What is 131320231 (base 4) in base 2?
11101111000101101
Convert 1972a00 (base 11) to base 13.
8c6683
What is 102012200000 (base 3) in base 12?
a7830
What is -68a10 (base 12) in base 15?
-2b5cc
53b31 (base 15) to base 9
444511
What is 6b6d5 (base 14) in base 5?
31341133
What is -5550713 (base 9) in base 8?
-13307552
What is -1002425 (base 6) in base 10?
-47249
What is -a349a2 (base 11) in base 2?
-110010101100000011110
-100000000100001000001011 (base 2) to base 14
-118b33d
Convert 58c488 (base 13) to base 11.
1212946
What is -123256 (base 12) in base 3?
-120000211010
What is -125244450 (base 6) in base 5?
-1114311132
132446553 (base 7) to base 2
100000100111011000001101
-69931 (base 13) to base 12
-93624
Convert 100012012111220 (base 3) to base 9.
10165456
Convert -1110001000000101010001 (base 2) to base 14.
-6c5769
Convert -1012443441 (base 5) to base 13.
-579aab
What is 4020424 (base 8) in base 7?
11661522
Convert 390715 (base 10) to base 8.
1373073
-1474a (base 13) to base 15
-b67e
What is 342668 (base 13) in base 8?
4551321
Convert 171583 (base 10) to base 12.
83367
What is -155707 (base 8) in base 13?
-1c7bc
What is -212022210002011 (base 3) in base 4?
-233102113012
-402354 (base 8) to base 7
-1060544
What is 11242313 (base 5) in base 8?
310661
-b79e (base 16) to base 15
-dddb
7101000 (base 9) to base 5
1431423430
What is 803833 (base 13) in base 2?
1011010111001000011001
What is -1396251 (base 11) in base 2?
-1001001000101010001111
Convert -5455422 (base 6) to base 7.
-2212205
a2a6a (base 14) to base 9
656274
Convert 1251054 (base 6) to base 9.
114507
What is -22825528 (base 9) in base 15?
-e99525
3911cb (base 16) to base 8
16210713
2334014 (base 6) to base 12
5a30a
What is -3154105 (base 7) in base 2?
-1011101100011010001
-7164722 (base 9) to base 4
-32211012311
Convert 944a7 (base 11) to base 3.
20222212210
What is -145142131 (base 6) in base 11?
-17a0630
Convert 2521311 (base 8) to base 4.
2222023021
Convert -121443 (base 9) to base 7.
-423411
-40650 (base 8) to base 6
-205452
What is -712435 (base 8) in base 13?
-82b31
Convert 2593151 (base 10) to base 8.
11710577
What is 22201324 (base 5) in base 7?
1435331
-102120210021012 (base 3) to base 11
-35255a9
What is -32241310 (base 5) in base 7?
-2222345
Convert -1586053 (base 10) to base 5.
-401223203
-53459 (base 16) to base 13
-bc330
Convert 111104323 (base 5) to base 11.
303787
-c0de (base 16) to base 2
-1100000011011110
-11033103 (base 5) to base 3
-11212201121
What is 2664640 (base 9) in base 7?
15260334
141115 (base 11) to base 16
35f9b
Convert a067 (base 15) to base 12.
17707
What is -100110010100010001110101 (base 2) in base 3?
-200220022111202
What is 44534115 (base 7) in base 6?
214402303
What is -54400 (base 13) in base 3?
-21201212121
What is f2e59 (base 16) in base 7?
11312412
Convert 54c48 (base 14) to base 12.
9aaa8
670996 (base 15) to base 10
4912791
What is 14671427 (base 9) in base 6?
420402424
151645 (base 13) to base 2
1111110010011110110
1433001 (base 8) to base 15
80911
Convert 5429869 (base 11) to base 13.
1c9232c
What is 4580114 (base 10) in base 2?
10001011110001100010010
Convert 225471 (base 8) to base 11.
52608
-669989 (base 12) to base 14
-307881
What is -1112100100001 (base 3) in base 10?
-813808
Convert 46551 (base 9) to base 3.
1120121201
Convert 51697 (base 13) to base 6.
3044324
Convert -bc298 (base 15) to base 11.
-379298
What is 33542 (base 6) in base 2?
1001010000110
What is 1120220 (base 5) in base 8?
47134
Convert 477431 (base 14) to base 7.
26512261
-404c2 (base 13) to base 9
-184764
-1321031000 (base 4) to base 9
-835888
What is 311327 (base 8) in base 9?
166415
What is 25689 (base 10) in base 2?
110010001011001
Convert -1521436 (base 7) to base 3.
-101112000121
Convert -1956a0 (base 11) to base 9.
-506848
What is 2ab73 (base 14) in base 12?
51795
1646764 (base 8) to base 16
74df4
What is 2803203 (base 9) in base 7?
16032606
1010101100101011100 (base 2) to base 8
1254534
6400a (base 11) to base 13
33549
-23a5c (base 14) to base 3
-11102111011
What is 37775074 (base 8) in base 11?
4809416
What is -11626442 (base 9) in base 6?
-321514402
What is -12422644 (base 9) in base 14?
-b49dcd
Convert 64615 (base 15) to base 4.
1031302130
Convert -a22ca (base 15) to base 14.
-d5288
1101001001100010110011 (base 2) to base 15
4814c8
-33c33 (base 13) to base 5
-11004334
34162446 (base 7) to base 16
2d5eaa
What is -5f85d8 (base 16) in base 5?
-3100311214
Convert -10ad3 (base 15) to base 5.
-3144243
1225455 (base 6) to base 14
1a107
11011000110010101010 (base 2) to base 12
369a62
Convert 108412 (base 11) to base 6.
3405112
-13103152 (base 6) to base 10
-428396
What is -8a319b (base 12) in base 7?
-24505043
What is 22152358 (base 9) in base 15?
e1c038
Convert -255d0 (base 14) to base 16.
-16642
What is 295b6 (base 15) in base 14?
36625
Convert 129392 (base 10) to base 16.
1f970
-100011000001101100 (base 2) to base 7
-1135163
What is b349a (base 16) in base 4?
2303102122
Convert 547ba3 (base 12) to base 11.
836497
-439e0 (base 16) to base 14
-72d0c
-32130003 (base 4) to base 13
-20bc2
1133940 (base 10) to base 12
468270
What is 110525235 (base 7) in base 13?
14cb0aa
Convert 1202423501 (base 6) to base 4.
303233231131
What is -987890 (base 10) in base 6?
-33101322
Convert 12260364 (base 7) to base 15.
16d039
122234042 (base 5) to base 9
1083808
-22145472 (base 8) to base 6
-250130110
Convert -1b3711 (base 13) to base 9.
-1265860
1430433334 (base 5) to base 15
4e5799
363363 (base 8) to base 